6c3938
In base 11, what is -740081 + -10?
-740091
In base 13, what is 4a2c - 70cc?
-23a0
In base 6, what is 1 + 35351330411?
35351330412
In base 14, what is -57ab90 - 23?
-57abb3
In base 13, what is 60a + -1793?
-1186
In base 5, what is 1424 - -23111131?
23113110
In base 2, what is -1001100000111 + -101000011010?
-1110100100001
In base 5, what is -1 + -212443211?
-212443212
In base 5, what is -142 - 34004040?
-34004232
In base 8, what is -4337173 - -414?
-4336557
In base 7, what is -11030 + -42001?
-53031
In base 15, what is -9e0 + 9390b?
92e1b
In base 14, what is -a959 + -1?
-a95a
In base 2, what is 10000110110011111010 - -1010000010?
10000110111101111100
In base 7, what is -65446225 + 12?
-65446213
In base 16, what is 17bbc9 - -5?
17bbce
In base 9, what is -5 + -1184068?
-1184074
In base 12, what is -12 + 4414a94?
4414a82
In base 7, what is 2011 - 100021?
-65010
In base 2, what is 11 + -101110000100100001010?
-101110000100100000111
In base 10, what is -2 + 13095611?
13095609
In base 10, what is -3 - 26340969?
-26340972
In base 15, what is 8714 + 123d?
9952
In base 6, what is 22 - 510253?
-510231
In base 11, what is -2 - 2416407?
-2416409
In base 6, what is 355424 - 302?
355122
In base 7, what is -2526 + 4044452?
4041623
In base 9, what is -7062308 - -3?
-7062305
In base 13, what is 10128 + -68?
10090
In base 2, what is 1011000 - -11011010011111110?
11011010101010110
In base 8, what is -151 - 47460?
-47631
In base 5, what is 1011301 - -43220?
1110021
In base 13, what is 125 - -4790c7?
47921c
In base 13, what is 23 - -6684379?
668439c
In base 4, what is -101012230 + 3102?
-101003122
In base 2, what is 111111110111011 + -1011010001110?
110100100101101
In base 3, what is -21111221112212101 - 11?
-21111221112212112
In base 6, what is -2535022 - 1325?
-2540351
In base 5, what is 23244 - -431320?
1010114
In base 7, what is 114650 - -3462?
121442
In base 5, what is 1031004 - 201441?
324013
In base 6, what is 14230404 + 241?
14231045
In base 14, what is 1d9522 - -1?
1d9523
In base 15, what is -502 - -2065?
1a63
In base 5, what is 3024034 + -1204?
3022330
In base 3, what is 21 + 10200002110202?
10200002111000
In base 11, what is 181 - -72075?
72246
In base 10, what is -2453 - 19797?
-22250
In base 13, what is -679284 - 5?
-679289
In base 11, what is -153279808 - -2?
-153279806
In base 16, what is 2017bd00 - -5?
2017bd05
In base 7, what is -2630642 + 54?
-2630555
In base 16, what is 14a6fe - 3?
14a6fb
In base 15, what is 1 - -2ad278?
2ad279
In base 7, what is 144 + 22413?
22560
In base 14, what is -a - -2a644b?
2a6441
In base 9, what is -24 - -48700035?
48700011
In base 7, what is 51053 + -32366?
15354
In base 15, what is -22540a1 + -3?
-22540a4
In base 12, what is -932442 + -6?
-932448
In base 2, what is 10011110011100 - -110110110111010?
1001010101010110
In base 9, what is 0 + -21657715?
-21657715
In base 9, what is 477347 + 122?
477470
In base 7, what is -11 - -106514005?
106513664
In base 4, what is -20300302111 - -113?
-20300301332
In base 8, what is 33 - 14544273?
-14544240
In base 14, what is -1d6b5c1 + -2?
-1d6b5c3
In base 5, what is 10 - 320401443?
-320401433
In base 13, what is 28267c - -12?
282691
In base 11, what is -781 - 62?
-833
In base 13, what is 179c5a + -3?
179c57
In base 11, what is 2036 + 1a3a?
3a75
In base 9, what is -2200204 + -4?
-2200208
In base 11, what is 201a278 - -27?
201a2a4
In base 8, what is -20567 + 40006?
17217
In base 16, what is -4 + 1bb3db?
1bb3d7
In base 15, what is -b78 + -6eb9?
-7b42
In base 9, what is 3670134 - -2?
3670136
In base 2, what is 1000100001110001110 - 101110?
1000100001101100000
In base 6, what is -1 + 244202412?
244202411
In base 12, what is -20b + 932896?
932687
In base 10, what is -754312 - -19?
-754293
In base 15, what is 2b62 - 470?
26e2
In base 6, what is -2 + -23254432230?
-23254432232
In base 2, what is 11010011111001 - 110111101000?
10011100010001
In base 6, what is -1045 + -235143351?
-235144440
In base 9, what is -268846164 - -3?
-268846161
In base 16, what is 1 + -14114e4?
-14114e3
In base 6, what is -123005001 - -2021?
-123002540
In base 5, what is -202114 + 2112140?
1410021
In base 4, what is -23223 - 202130?
-232013
In base 3, what is 121 - 2112021020211101?
-2112021020210210
In base 8, what is -31163 - 107763?
-141146
In base 13, what is 3ab422 - 12?
3ab410
In base 6, what is -2 - 1335222133?
-1335222135
In base 16, what is 101e953 + 2?
101e955
In base 9, what is 81827 + 883?
82821
In base 14, what is -1ba6 - 1d378?
-21140
In base 9, what is -240813 + 874?
-238828
In base 16, what is -48 + -23c2d5?
-23c31d
In base 13, what is -45576 + -6?
-4557c
In base 12, what is 6215a + -23?
62137
In base 10, what is 6760907 - 5?
6760902
In base 3, what is 202220022100101 - -11?
202220022100112
In base 9, what is 35 + -8586218?
-8586173
In base 4, what is -210112 + -20113?
-230231
In base 9, what is -703477 + 4?
-703473
In base 13, what is 6 - 148c398?
-148c392
In base 13, what is 8b08a - -24?
8b0b1
In base 5, what is 212402 + -404141?
-141234
In base 2, what is 101011010001100111001010 - 1101?
101011010001100110111101
In base 5, what is 231341 - -131441?
413332
In base 5, what is -1023321311202 + -1?
-1023321311203
In base 9, what is 78383 - -61?
78454
In base 14, what is -4 + -394745?
-394749
In base 4, what is 3211110003321 - 1?
3211110003320
In base 15, what is -16 - eb011?
-eb027
In base 2, what is -1010001010 - -1100100011011101001?
1100100010001011111
In base 11, what is -5 - -488701?
4886a7
In base 3, what is -1112121120122002 + -22?
-1112121120122101
In base 4, what is -1021101111 - -1031101?
-1020010010
In base 10, what is 29880 + 499?
30379
In base 4, what is -1300121031 + -2103?
-1300123200
In base 15, what is -2b2 + 18259?
17e97
In base 10, what is -11427747 + -4?
-11427751
In base 14, what is 20d - cb73?
-c964
In base 7, what is -1524 - -4544153?
4542326
In base 4, what is 1031121231 - -2?
1031121233
In base 9, what is 3564 + -3266?
287
In base 12, what is 103a5 - -7a3?
10b88
In base 15, what is -1172 - 14704?
-15876
In base 15, what is -4 - 10138?
-1013c
In base 10, what is 274 - 18412?
-18138
In base 16, what is -2 - -2485ee7?
2485ee5
In base 9, what is 151 + -3057545?
-3057384
In base 9, what is -755 - -227660?
226804
In base 14, what is -985c + 192?
-96aa
In base 15, what is c9c - 298?
a04
In base 4, what is -23120331121021 - 10?
-23120331121031
In base 2, what is -1000 + 100011000011111010101011?
100011000011111010100011
In base 4, what is -3030210113032 + -12?
-3030210113110
In base 3, what is -10120200010000210120 + -1?
-10120200010000210121
In base 11, what is -153 - -1341a5?
134052
In base 10, what is 3046766 - -1?
3046767
In base 11, what is 23097458 + -2?
23097456
In base 14, what is 0 + -3a977ab?
-3a977ab
In base 13, what is 2a1 + 3c6a9?
3c97a
In base 5, what is 3423220 + 34224?
4012444
In base 6, what is -1 - -225151225?
225151224
In base 3, what is 22211000001 - -1102212?
22212102220
In base 8, what is -507266 - 5?
-507273
In base 11, what is -32847 + 104?
-32743
In base 16, what is -7 + 26020?
26019
In base 7, what is 1366 - 24260?
-22561
In base 2, what is -11110101110100111011 + 1000?
-11110101110100110011
In base 5, what is 0 + 11131420111?
11131420111
In base 2, what is 100101100111100011110 - 1001?
100101100111100010101
In base 10, what is -2 - 4200497?
-4200499
In base 4, what is -103121 - -21133223?
21030102
In base 12, what is -1574549 - 59?
-15745a6
In base 4, what is -10123 - -21303203321?
21303133132
In base 16, what is 28 - 25caad5?
-25caaad
In base 4, what is 32020323113 + 1?
32020323120
In base 10, what is -296 - -172803?
172507
In base 9, what is -8413 - -1128?
-7274
In base 14, what is -1732 + -d889?
-111bb
In base 7, what is -6 + -101601303?
-101601312
In base 9, what is 3 - 45308210?
-45308206
In base 5, what is -2031 + -2013?
-4044
In base 11, what is 55 - -3a571?
3a616
In base 11, what is 14 + 9938956?
993896a
In base 13, what is 201 - 3681a?
-36619
In base 15, what is 126c49a + 4?
126c49e
In base 3, what is -1012001 - 1002200120?
-1010212121
In base 2, what is 11111010111011100110011010 + -101?
11111010111011100110010101
In base 14, what is -6539 + -2c?
-6567
In base 10, what is -98037 - -959?
-97078
In base 10, what is 6311432 - -30?
6311462
I